by n?
10
Let k(h) = -3*h**3 - h**2 + 2*h - 17. Let i(w) = -7*w**3 - 2*w**2 + 5*w - 34. Let c(m) = 2*i(m) - 5*k(m). What is the remainder when c(4) is divided by 36?
25
Let f = -1215 - -1247. Calculate the remainder when 96 is divided by f.
0
Let g be -5*80/12*-3. Let w = 44 - g. Let r = w - -83. What is the remainder when 106 is divided by r?
25
Let r = 130 - 136. Let w(a) = 2*a**2 + 12*a - 3. Let z be w(r). Let k(b) = -12*b - 16. What is the remainder when 46 is divided by k(z)?
6
Calculate the remainder when 14549 is divided by 20 + (7 - 37) - -117.
104
Let u be 6/(-11) - (-10696)/(-154). Calculate the remainder when (-274)/(-3) + (3 - u/(-21)) is divided by 13.
0
Calculate the remainder when 1018/2 + (-3)/(-3) is divided by 32*4*5/(-16)*8/(-10).
30
Suppose 285 = -5*f - 5*j, 9*f - 11*f - 112 = j. Let d = f - -96. What is the remainder when d is divided by 26?
15
Let j = -53 - -179. Suppose -36*x + 29*x = -j. What is the remainder when 69 is divided by x?
15
Let a(c) = c - 7. Let o be a(8). Let r(m) = m**3 - 42*m**2 + 38*m + 180. What is the remainder when r(41) is divided by -2 + o - (-10 - -3)?
3
Suppose 0 = 3*r - 282*b + 284*b - 480, 0 = -3*r + 2*b + 444. Calculate the remainder when r is divided by (-126)/(-4) - (-1)/(-2).
30
Calculate the remainder when (-9)/(-81)*27/9 + 1577/3 is divided by 523.
3
Suppose -1427 = -6*o - 0*o - 749. Calculate the remainder when 219 is divided by o.
106
Let d(p) = -p**2 + 16*p - 34. Let l be d(3). Suppose l*v = 2*z + 38 + 205, -4*v = -5*z - 191. What is the remainder when 634 is divided by v?
46
Suppose -19*c - 4*g = -17*c - 380, -2*c - 2*g = -370. Calculate the remainder when 2699 is divided by c.
179
Suppose -3*f + 246 = 3*u, 5*u + 99 = 2*f - 44. Let i = 20 - 10. Calculate the remainder when f is divided by i.
9
Suppose -3*u - 3 + 9 = 0, -3*n - 45 = 3*u. Let p(m) = 6*m + 136. Calculate the remainder when (18/(-8))/(2/(-88)) is divided by p(n).
31
Let q(o) = 3*o**2 + 55*o - 311. Calculate the remainder when q(-34) is divided by 3.
0
Suppose -3*k = -3*q + 7*q - 31859, -2*k + 3*q = -21228. Calculate the remainder when k is divided by 247.
243
What is the remainder when 323*2/6 - 888/(-666) is divided by 17?
7
Let m = -1231 + 1272. Calculate the remainder when 285 is divided by m.
39
Let b = 7328 - 1705. Calculate the remainder when b is divided by 25.
23
Calculate the remainder when 631 is divided by -7 + 173 - (-6 + 4).
127
Suppose 14*j = -206*j + 19800. Calculate the remainder when 528 is divided by j.
78
Let u = 246 - 425. Let k = 160 - u. What is the remainder when k is divided by 38?
35
Let p = -2903 - -3231. Calculate the remainder when p is divided by 117.
94
Let k(m) = -157*m**2 + 811*m - 7. Calculate the remainder when 401 is divided by k(5).
32
Let g(x) = 4*x + 2. Let v(p) = 7*p**2 - 958*p - 962. What is the remainder when g(2) is divided by v(-1)?
1
Calculate the remainder when 154 is divided by 4 + -70*(-57)/95.
16
Let o(r) = 6*r**3 + 38*r**2 - 4*r + 3. Calculate the remainder when o(-4) is divided by 41.
38
Suppose -5*d = -16*g + 12*g - 341, 0 = 3*d - 3*g - 201. Let q = 117 + -111. What is the remainder when d is divided by q?
1
Let a = -7748 + 8262. What is the remainder when a is divided by 69?
31
Suppose 2*p - 31 = -3*k - 3*p, 0 = 4*k + 3*p - 23. Suppose k*i - 273 = -5*i. What is the remainder when 388 is divided by i?
37
Let t = -239 + 238. What is the remainder when 193 is divided by (-248)/31 - 26/t?
13
Let l = 167149 + -167057. Let c = 117 + 157. Calculate the remainder when c is divided by l.
90
Let o = -132 + 139. Let y(s) = 6*s - 3. Let f be y(4). Suppose 2*l - 5*l = -f. What is the remainder when l is divided by o?
0
Let i be 8/(-6)*-3 + 540/20. Suppose -i = m - 165. What is the remainder when m is divided by 68?
66
Let y = 31 - 6. Let r(w) = 2*w**2 - 17*w - 51. Let q be r(11). Suppose 10*v - q*v - 78 = 0. What is the remainder when y is divided by v?
12
Let q(r) be the third derivative of r**6/120 - r**5/60 - r**4/12 + 20*r**3/3 + r**2 - 9. What is the remainder when 355 is divided by q(0)?
35
Let s = -19933 + 20081. Calculate the remainder when s is divided by 73.
2
Let t(c) = -c**3 + 20*c**2 - 59*c + 4. Let m be t(17). Let u = -113 - m. What is the remainder when 91 is divided by u?
15
Suppose -7*t + 8 + 27 = 0. Let d = 11 + t. Let n(i) = 2*i + 1. What is the remainder when d is divided by n(5)?
5
What is the remainder when (3/6)/(2*(-7)/(-1176)) is divided by (8/16)/((-2)/(-12))?
0
Let p(z) = 215*z - 10028. Calculate the remainder when p(79) is divided by 29.
26
Suppose -4*y - 413 = -3*z, 213*z - 210*z + 5*y - 422 = 0. What is the remainder when 830 is divided by z?
135
Let m(j) = -j**3 - 5*j**2 - 8. Let b be m(-4). Let w = -5 - b. What is the remainder when (-2)/9 - (-6461)/117 is divided by w?
17
Suppose 2266 + 13 = 43*h. Calculate the remainder when 332 is divided by h.
14
Suppose 5*y - 312 - 223 = 0. Suppose 4*w - 1 = -3*v - 4, 4*w = -4*v - 4. Suppose -91*q + 93*q - 74 = w. Calculate the remainder when y is divided by q.
33
Let i = 11 + -37. Let o = i - -29. Suppose -5*u + 29 = k, -o*u = 2*u + 5. Calculate the remainder when 67 is divided by k.
33
Suppose 0 = -3*v + 2*i - 115, -2*i + 53 = -v - 5*i. Suppose -525 = -88*j + 95*j. Let r = v - j. Calculate the remainder when 201 is divided by r.
31
Let h be (2 - (-8)/(-2)) + 12. Let o(z) = 39*z + 204. What is the remainder when (-4)/h + (-666)/(-15) is divided by o(-5)?
8
Suppose -5*y + 1134 - 511 = -1237. Calculate the remainder when y is divided by 53.
1
Let q(o) = -2*o**3 - 24*o**2 + 3*o - 16. What is the remainder when q(-13) is divided by 13?
10
Suppose -5*n + 23 - 3 = 0. Suppose 2*d + 5*q - 22 = 26, 4*q - 72 = -n*d. Suppose -8 = -t, t = -5*m + 489 - 146. Calculate the remainder when m is divided by d.
11
Suppose 47*f - 51*f + 16 = 0. Calculate the remainder when 63 is divided by 6/f*(3 - 65/(-5)).
15
Let j = -32 + 56. Calculate the remainder when 63 + ((-8)/(-20) - (1694/(-55))/(-7)) is divided by j.
11
What is the remainder when (6 + 99/(9 - -2))/((-3)/(-123)) is divided by 93?
57
What is the remainder when 2565 is divided by (-151)/9*(-333)/37?
149
Suppose 3 = 4*s + 11, -7 = y + 5*s. Suppose -c - 28 = -y*t, -3*t - 2*c + 38 = 2*c. What is the remainder when (-1515)/(-80) + 4/64 is divided by t?
9
Let k be (-34)/(-255) - 8554/30. Let y = 295 + k. Calculate the remainder when 47 is divided by y.
7
Let y(x) = 22*x - 497. What is the remainder when 118 is divided by y(23)?
1
Suppose -7 + 2 = l, 2*d - 43 = l. Suppose 0 = -4*i + b + 16, 4*b + d = i - 0*b. Suppose 232*t - 2433 = 351. What is the remainder when t is divided by i?
0
Let t = 877 + -555. Let a = 453 - t. Suppose -5*i = -3*b - 208, 0*i = 3*i - 3*b - 120. What is the remainder when a is divided by i?
43
Let y be (-6)/(-5) + 10/(-50). Let a be 14 - 16/(-12)*(-3)/y. Let r = a + 10. What is the remainder when 54 is divided by r?
14
Let g = 440 + -437. Suppose -g*u - 4*y + 46 = 0, 2*u - 4 - 22 = -5*y. Calculate the remainder when 32 is divided by u.
14
Let k(l) = 108*l - 7. Let c be k(2). Suppose -2*j + 4*t = 6*t - 130, 4*t = 3*j - c. Let s(d) = 7*d. Calculate the remainder when j is divided by s(2).
11
Let s = 21 + -21. Suppose -b + 15 = 2*c, -5*c + 46 = -s*b + 3*b. Let q(l) = -l + 26. What is the remainder when 32 is divided by q(b)?
5
Suppose -r - 3*s = -165, 81*s + 21 = 84*s. What is the remainder when r is divided by 29?
28
Suppose 0 = -8*d + 837 - 477. What is the remainder when d is divided by 9?
0
Suppose 1324*h - 2816 = 1292*h. Calculate the remainder when h is divided by -2*(1 - -1 - 7).
8
Let z(c) = -14*c - 252. What is the remainder when z(-30) is divided by 77?
14
Let v be (-202)/(-10) + 1/(-5). Suppose 3443 = 27*p + 1283. Suppose 2*w = 2*k + p, 2*w + 3*k - v = 65. What is the remainder when w is divided by 16?
9
Let d be ((-1)/2 - 2/4)*102. Let v = d - -123. Let n = 15 - 9. Calculate the remainder when v is divided by n.
3
Suppose -11*f = -3*f - 1800. What is the remainder when f is divided by 10/(10/(-7)) + 53?
41
Suppose -20*n = -4*h - 21*n + 5436, 3*n = 3*h - 4092. Calculate the remainder when h is divided by 39.
34
Let m(p) = -p**3 + 42*p**2 - 82*p + 18. Let z be m(40). Calculate the remainder when 153 is divided by (z - -31)/(1 + (-4)/2).
29
Let y = 